4209?
61, 970069
What are the prime factors of 94838944?
2, 2963717
List the prime factors of 72291558.
2, 3, 101, 119293
What are the prime factors of 5315985931?
89, 157, 380447
List the prime factors of 122566777.
19, 31, 59, 3527
List the prime factors of 609415545.
3, 5, 40627703
What are the prime factors of 66503045?
5, 7, 521
What are the prime factors of 3437710?
2, 5, 343771
List the prime factors of 472071716.
2, 43, 821, 3343
What are the prime factors of 13901912?
2, 1737739
What are the prime factors of 101075307?
3, 19, 93329
What are the prime factors of 132210948?
2, 3, 11017579
List the prime factors of 1018430964.
2, 3, 28289749
What are the prime factors of 54096258?
2, 3, 9016043
List the prime factors of 789760791.
3, 53, 1655683
List the prime factors of 182918693.
31, 311, 18973
List the prime factors of 2205223477.
131, 167, 100801
List the prime factors of 52185225.
3, 5, 509, 1367
List the prime factors of 146396866.
2, 7, 11, 353, 2693
List the prime factors of 67731536.
2, 17, 43, 5791
List the prime factors of 157597467.
3, 37, 67, 21191
List the prime factors of 1159331808.
2, 3, 383, 31531
List the prime factors of 103051420.
2, 5, 5152571
List the prime factors of 66977060.
2, 5, 3348853
List the prime factors of 3345458409.
3, 149, 831583
What are the prime factors of 2526033008?
2, 1013, 155851
List the prime factors of 1112623636.
2, 278155909
List the prime factors of 485747940.
2, 3, 5, 8095799
List the prime factors of 1449858379.
17, 5016811
List the prime factors of 767850820.
2, 5, 11, 67, 113, 461
What are the prime factors of 1768152580?
2, 5, 31, 167, 17077
List the prime factors of 156242260.
2, 5, 7812113
What are the prime factors of 122853668?
2, 7, 877, 5003
List the prime factors of 56114952.
2, 3, 2338123
List the prime factors of 208332573.
3, 83, 836677
What are the prime factors of 1876001420?
2, 5, 43, 821, 2657
What are the prime factors of 91380795?
3, 5, 11, 521, 1063
What are the prime factors of 336286105?
5, 23, 2924227
List the prime factors of 1212636997.
11, 13, 8479979
What are the prime factors of 102450769?
193, 530833
What are the prime factors of 321292078?
2, 17, 307, 30781
What are the prime factors of 11567591?
7, 1652513
List the prime factors of 2102389289.
7, 11, 13, 47, 44687
What are the prime factors of 2331031482?
2, 3, 13, 9961673
What are the prime factors of 1104619547?
7591, 145517
List the prime factors of 273730406.
2, 23, 5950661
What are the prime factors of 4560915328?
2, 35632151
List the prime factors of 1055409226.
2, 19, 1361, 20407
What are the prime factors of 42977574?
2, 3, 103, 7727
List the prime factors of 71120561.
71120561
What are the prime factors of 5432316674?
2, 89, 30518633
What are the prime factors of 3625470122?
2, 26591, 68171
List the prime factors of 2928443294.
2, 7, 209174521
List the prime factors of 8872901.
8872901
What are the prime factors of 169000024?
2, 21125003
What are the prime factors of 35869844?
2, 359, 24979
What are the prime factors of 1757929601?
257, 1123, 6091
What are the prime factors of 2870478794?
2, 1435239397
List the prime factors of 578722834.
2, 269, 1075693
What are the prime factors of 48834498?
2, 3, 43, 191, 991
What are the prime factors of 3097551760?
2, 5, 19, 661, 3083
List the prime factors of 112970561.
11, 19, 49139
What are the prime factors of 335389474?
2, 7, 127, 188633
List the prime factors of 461393729.
13789, 33461
List the prime factors of 76872953.
1321, 58193
List the prime factors of 246714658.
2, 19, 29, 131, 1709
List the prime factors of 547088260.
2, 5, 53, 61, 8461
What are the prime factors of 109225359?
3, 12136151
What are the prime factors of 79185106?
2, 7, 11, 13, 37, 1069
List the prime factors of 219390177.
3, 73130059
List the prime factors of 50194585.
5, 7, 1434131
What are the prime factors of 70907981?
19, 103, 1907
What are the prime factors of 59651297?
59651297
What are the prime factors of 1984690960?
2, 5, 7, 541, 6551
List the prime factors of 4418983088.
2, 13, 21245111
List the prime factors of 2397624768.
2, 3, 7, 11, 54059
What are the prime factors of 595823234?
2, 23, 41, 61, 5179
List the prime factors of 1852448.
2, 13, 61, 73
List the prime factors of 3510780.
2, 3, 5, 7, 13, 643
What are the prime factors of 1007383256?
2, 11, 23, 497719
What are the prime factors of 134021583?
3, 43, 346309
What are the prime factors of 1527976388?
2, 17, 23, 109, 8963
List the prime factors of 64480297.
7, 9211471
What are the prime factors of 38841323?
61, 607, 1049
List the prime factors of 740395788.
2, 3, 11, 2069, 2711
What are the prime factors of 79513586?
2, 39756793
List the prime factors of 32958147.
3, 10986049
What are the prime factors of 574720521?
3, 29, 6605983
What are the prime factors of 137707266?
2, 3, 37, 620303
What are the prime factors of 4618654440?
2, 3, 5, 38488787
List the prime factors of 17162696.
2, 2145337
What are the prime factors of 16754450?
2, 5, 335089
What are the prime factors of 402001958?
2, 17, 23, 439, 1171
List the prime factors of 311968981.
311968981
List the prime factors of 56855052.
2, 3, 163, 9689
What are the prime factors of 87681067?
19, 1613, 2861
List the prime factors of 77085299.
19, 73, 149, 373
What are the prime factors of 178941903?
3, 7, 233, 36571
What are the prime factors of 165061400?
2, 5, 7, 16843
What are the prime factors of 173499349?
271, 640219
List the prime factors of 17216759.
7, 103, 23879
What are the prime factors of 4441130478?
2, 3, 82243157
List the prime factors of 228712161.
3, 23, 389, 8521
List the prime factors of 324857070.
2, 3, 5, 3609523
List the prime factors of 1369143267.
3, 456381089
List the prime factors of 857946954.
2, 3, 73, 227, 8629
List the prime factors of 26020121.
59, 191, 2309
List the prime factors of 307347656.
2, 7, 11, 107, 4663
List the prime factors of 2366668131.
3, 788889377
What are the prime factors of 2540362386?
2, 3, 10177, 41603
What are the prime factors of 1187603256?
2, 3, 7, 7069067
List the prime factors of 305350602.
2, 3, 50891767
What are the prime factors of 63237372?
2, 3, 11, 47, 10193
List the prime factors of 286090659.
3, 383, 82997
What are the prime factors of 28275596?
2, 31, 43, 5303
What are the prime factors of 453977291?
73, 6218867
List the prime factors of 387308180.
2, 5, 7, 2766487
List the prime factors of 390909886.
2, 23, 1163, 7307
What are the prime factors of 3138735484?
2, 41, 19138631
What are the prime factors of 150268121?
150268121
What are the prime factors of 38740138?
2, 53, 365473
List the prime factors of 73667841.
3, 13, 1888919
What are the prime factors of 87522686?
2, 37, 1182739
List the prime factors of 189421817.
13, 137, 106357
List the prime factors of 2290427172.
2, 3, 11, 1927969
List the prime factors of 1892122628.
2, 11, 43002787
List the prime factors of 20275324.
2, 149, 34019
What are the prime factors of 1114773631?
1114773631
What are the prime factors of 245441162?
2, 43, 163, 17509
What are the prime factors of 3456686966?
2, 1728343483
What are the prime factors of 56751229?
37, 1533817
What are the prime factors of 130980721?
130980721
List the prime factors of 584690436.
2, 3, 11, 43, 34337
What are the prime factors of 143620719?
3, 11, 4352143
What are the prime factors of 184020617?
11, 16729147
List the prime factors of 457437769.
457437769
What are the prime factors of 686511989?
686511989
List the prime factors of 27407489.
67, 127, 3221
What are the prime factors of 246829997?
23, 37, 290047
What are the prime factors of 9233022?
2, 3, 1538837
List the prime factors of 122918339.
1511, 81349
List the prime factors of 405296015.
5, 31, 227, 11519
What are the prime factors of 93161202?
2, 3, 409, 37963
List the prime factors of 3883685840.
2, 5, 48546073
What are the prime factors of 352352348?
2, 61, 1444067
What are the prime factors of 9474200?
2, 5, 127, 373
List the prime factors of 75237063.
3, 11, 2279911
List the prime factors of 44694226.
2, 67, 333539
List the prime factors of 75245890.
2, 5, 19, 396031
What are the prime factors of 74681329?
2617, 28537
List the prime factors of 501625377.
3, 11, 23, 220301
List the prime factors of 85231743.
3, 41, 1690